{"id":634,"date":"2018-04-17T12:45:00","date_gmt":"2018-04-17T10:45:00","guid":{"rendered":"http:\/\/le-sagittaire.fr\/site\/?page_id=634"},"modified":"2024-07-08T14:37:50","modified_gmt":"2024-07-08T12:37:50","slug":"documents-a-telecharger","status":"publish","type":"page","link":"https:\/\/le-sagittaire.fr\/site\/documents-a-telecharger\/","title":{"rendered":"Documents \u00e0 t\u00e9l\u00e9charger"},"content":{"rendered":"<p>Vous trouverez ici les documents \u00e0 t\u00e9l\u00e9charger concernant le service ACT. Vous avez la possibilit\u00e9 de t\u00e9l\u00e9charger la version imprimable (PDF) ou la version de saisie directe (word).<\/p>\n<ul><\/ul>\n<ul>\n<li><a href=\"https:\/\/le-sagittaire.fr\/site\/wp-content\/uploads\/2024\/04\/DOSSIER-SOCIAL.pdf\">Dossier social version imprimable (PDF)<\/a><\/li>\n<li><a href=\"https:\/\/le-sagittaire.fr\/site\/wp-content\/uploads\/2024\/04\/DOSSIER-SOCIAL-SAISIE-DIRECTE.docx\">Dossier social saisie directe (word)<\/a><\/li>\n<li><a href=\"https:\/\/le-sagittaire.fr\/site\/wp-content\/uploads\/2024\/04\/DOSSIER-MEDICAL.pdf\">Dossier m\u00e9dical version imprimable (PDF)<\/a><\/li>\n<li><a href=\"https:\/\/le-sagittaire.fr\/site\/wp-content\/uploads\/2024\/04\/DOSSIER-MEDICAL-SAISIE-DIRECTE.docx\">Dossier m\u00e9dical saisie directe (word)<\/a><\/li>\n<\/ul>\n<p>Les documents sont \u00e0 envoyer \u00e0 : <strong>admissions@le-sagittaire.fr<\/strong><\/p>\n<p>Pour le dossier m\u00e9dical : <strong>service.medical@le-sagittaire.fr<\/strong><\/p>\n\n","protected":false},"excerpt":{"rendered":"<p>Vous trouverez ici les documents \u00e0 t\u00e9l\u00e9charger concernant le service ACT. Vous avez la possibilit\u00e9 de t\u00e9l\u00e9charger la version imprimable (PDF) ou la version de saisie directe (word). Dossier social version imprimable (PDF) Dossier social saisie directe (word) Dossier m\u00e9dical version imprimable (PDF) Dossier m\u00e9dical saisie directe (word) Les documents [&hellip;]<\/p>\n","protected":false},"author":1,"featured_media":740,"parent":0,"menu_order":0,"comment_status":"closed","ping_status":"closed","template":"","meta":{"footnotes":""},"class_list":["post-634","page","type-page","status-publish","has-post-thumbnail","hentry"],"_links":{"self":[{"href":"https:\/\/le-sagittaire.fr\/site\/wp-json\/wp\/v2\/pages\/634","targetHints":{"allow":["GET"]}}],"collection":[{"href":"https:\/\/le-sagittaire.fr\/site\/wp-json\/wp\/v2\/pages"}],"about":[{"href":"https:\/\/le-sagittaire.fr\/site\/wp-json\/wp\/v2\/types\/page"}],"author":[{"embeddable":true,"href":"https:\/\/le-sagittaire.fr\/site\/wp-json\/wp\/v2\/users\/1"}],"replies":[{"embeddable":true,"href":"https:\/\/le-sagittaire.fr\/site\/wp-json\/wp\/v2\/comments?post=634"}],"version-history":[{"count":24,"href":"https:\/\/le-sagittaire.fr\/site\/wp-json\/wp\/v2\/pages\/634\/revisions"}],"predecessor-version":[{"id":1099,"href":"https:\/\/le-sagittaire.fr\/site\/wp-json\/wp\/v2\/pages\/634\/revisions\/1099"}],"wp:featuredmedia":[{"embeddable":true,"href":"https:\/\/le-sagittaire.fr\/site\/wp-json\/wp\/v2\/media\/740"}],"wp:attachment":[{"href":"https:\/\/le-sagittaire.fr\/site\/wp-json\/wp\/v2\/media?parent=634"}],"curies":[{"name":"wp","href":"https:\/\/api.w.org\/{rel}","templated":true}]}}