{"id":599,"date":"2018-03-30T16:05:09","date_gmt":"2018-03-30T14:05:09","guid":{"rendered":"http:\/\/le-sagittaire.fr\/site\/?page_id=599"},"modified":"2018-09-06T15:21:14","modified_gmt":"2018-09-06T13:21:14","slug":"venir-nous-voir","status":"publish","type":"page","link":"https:\/\/le-sagittaire.fr\/site\/venir-nous-voir\/","title":{"rendered":"Venir nous voir"},"content":{"rendered":"<p>L&rsquo;association est facilement accessible, vous pouvez venir nous voir en :<\/p>\n<p><strong>Bus\u00a0<\/strong>: Les lignes 39 et 51 de Tadao desservent l&rsquo;arr\u00eat \u00ab\u00a0ZOLA\u00a0\u00bb ou la \u00ab\u00a0Place Jean JAUR\u00c8S\u00a0\u00bb de Carvin. Vous \u00eates ensuite \u00e0 2 minutes \u00e0 pied du service, qui se trouve dans la rue principale.<\/p>\n<p><strong>En voiture ou \u00e0 pied :\u00a0<\/strong>Nous sommes situ\u00e9s dans le centre-ville de CARVIN<\/p>\n","protected":false},"excerpt":{"rendered":"<p>L&rsquo;association est facilement accessible, vous pouvez venir nous voir en : Bus\u00a0: Les lignes 39 et 51 de Tadao desservent l&rsquo;arr\u00eat \u00ab\u00a0ZOLA\u00a0\u00bb ou la \u00ab\u00a0Place Jean JAUR\u00c8S\u00a0\u00bb de Carvin. Vous \u00eates ensuite \u00e0 2 minutes \u00e0 pied du service, qui se trouve dans la rue principale. En voiture ou \u00e0 [&hellip;]<\/p>\n","protected":false},"author":1,"featured_media":750,"parent":0,"menu_order":0,"comment_status":"closed","ping_status":"closed","template":"","meta":{"footnotes":""},"class_list":["post-599","page","type-page","status-publish","has-post-thumbnail","hentry"],"_links":{"self":[{"href":"https:\/\/le-sagittaire.fr\/site\/wp-json\/wp\/v2\/pages\/599","targetHints":{"allow":["GET"]}}],"collection":[{"href":"https:\/\/le-sagittaire.fr\/site\/wp-json\/wp\/v2\/pages"}],"about":[{"href":"https:\/\/le-sagittaire.fr\/site\/wp-json\/wp\/v2\/types\/page"}],"author":[{"embeddable":true,"href":"https:\/\/le-sagittaire.fr\/site\/wp-json\/wp\/v2\/users\/1"}],"replies":[{"embeddable":true,"href":"https:\/\/le-sagittaire.fr\/site\/wp-json\/wp\/v2\/comments?post=599"}],"version-history":[{"count":7,"href":"https:\/\/le-sagittaire.fr\/site\/wp-json\/wp\/v2\/pages\/599\/revisions"}],"predecessor-version":[{"id":781,"href":"https:\/\/le-sagittaire.fr\/site\/wp-json\/wp\/v2\/pages\/599\/revisions\/781"}],"wp:featuredmedia":[{"embeddable":true,"href":"https:\/\/le-sagittaire.fr\/site\/wp-json\/wp\/v2\/media\/750"}],"wp:attachment":[{"href":"https:\/\/le-sagittaire.fr\/site\/wp-json\/wp\/v2\/media?parent=599"}],"curies":[{"name":"wp","href":"https:\/\/api.w.org\/{rel}","templated":true}]}}