{"id":1079,"date":"2024-09-16T16:42:51","date_gmt":"2024-09-16T14:42:51","guid":{"rendered":"https:\/\/le-sagittaire.fr\/site\/?page_id=1079"},"modified":"2025-12-22T16:31:26","modified_gmt":"2025-12-22T15:31:26","slug":"service-paej-equinoxe","status":"publish","type":"page","link":"https:\/\/le-sagittaire.fr\/site\/service-paej-equinoxe\/","title":{"rendered":"Service PAEJ \u00c9quinoxe"},"content":{"rendered":"<h4 style=\"text-align: center;\">Le PAEJ c&rsquo;est quoi ?<\/h4>\n<p>Le Point Accueil \u00c9coute Jeunes et parents est lieu gratuit, anonyme et confidentiel o\u00f9 vous pouvez \u00e9changer avec des professionnels.<\/p>\n<h4 style=\"text-align: center;\">Pour qui ?<\/h4>\n<p>Nous accueillons des jeunes de 12 \u00e0 25 ans, des parents et des familles.<\/p>\n<h4 style=\"text-align: center;\">Pour quoi ?<\/h4>\n<p>Si vous ressentez un mal-\u00eatre, rencontrez des difficult\u00e9s familiales, une peine de c\u0153ur difficile \u00e0 surmonter, une addiction ou tout autre probl\u00e8me, nous sommes l\u00e0 pour vous \u00e9couter, vous accompagner, vous soutenir ou vous orienter vers des structures adapt\u00e9es.<\/p>\n<h4 style=\"text-align: center;\">O\u00f9 ?<\/h4>\n<p>Le PAEJ \u00c9quinoxe intervient sur la Communaut\u00e9 d&rsquo;Agglom\u00e9ration d&rsquo;H\u00e9nin-Carvin.<\/p>\n<h4 style=\"text-align: center;\">Avec qui ?<\/h4>\n<p>L&rsquo;\u00e9quipe se compose d&rsquo;une psychologue, de travailleurs sociaux et d&rsquo;une secr\u00e9taire.<\/p>\n<h4 style=\"text-align: center;\">Comment ?<\/h4>\n<p>Ce que propose le PAEJ \u00c9quinoxe :<\/p>\n<ul style=\"list-style-type: circle;\">\n<li>Une permanence \u00e9coute physique et\/ou t\u00e9l\u00e9phonique,<\/li>\n<li>Un accueil gratuit, anonyme et confidentiel,<\/li>\n<li>Des animations collectives de pr\u00e9vention,<\/li>\n<li>Une pr\u00e9sence quotidienne sur les r\u00e9seaux sociaux.<\/li>\n<\/ul>\n<h4 style=\"text-align: center;\">Les permanences<\/h4>\n<p><strong>CARVIN : 8 bis rue Salvador ALLEND\u00c9<\/strong><\/p>\n<p>Du lundi au vendredi : 13h &#8211; 18h<\/p>\n<p><strong>COURRI\u00c8RES : Maison de services publics, 5 rue des Acacias<\/strong><\/p>\n<p>3<sup>\u00e8me<\/sup> vendredi matin du mois<\/p>\n<p><strong>H\u00c9NIN-BEAUMONT : Centre social, rue Louise MICHEL<\/strong><\/p>\n<p>3<sup>\u00e8me<\/sup> mercredi matin du mois<\/p>\n<p style=\"text-align: center;\"><strong>Sur demande, un \u00e9coutant peut se d\u00e9placer dans votre commune.<\/strong><\/p>\n<h4 style=\"text-align: center;\">La pr\u00e9vention collective<\/h4>\n<p>\u00c9quinoxe propose diff\u00e9rentes th\u00e9matiques de pr\u00e9vention et propose aussi des interventions personnalis\u00e9es sur :<\/p>\n<ul style=\"list-style-type: circle;\">\n<li>Les conduites \u00e0 risques (alcool, cannabis, tabac, jeux vid\u00e9o, r\u00e9seaux sociaux),<\/li>\n<li>Le harc\u00e8lement scolaire,<\/li>\n<li>La vie affective et sexuelle,<\/li>\n<li>Le bien-\u00eatre, mal-\u00eatre,<\/li>\n<li>Le d\u00e9veloppement des comp\u00e9tences psychosociales,<\/li>\n<li>La parentalit\u00e9&#8230;<\/li>\n<\/ul>\n<p>Les lieux d&rsquo;interventions :<\/p>\n<ul style=\"list-style-type: circle;\">\n<li>Coll\u00e8ges et lyc\u00e9es de la Communaut\u00e9 d&rsquo;Agglom\u00e9ration de H\u00e9nin-Carvin,<\/li>\n<li>Programmes de R\u00e9ussite \u00c9ducative (PRE),<\/li>\n<li>Services jeunesses,<\/li>\n<li>Centres de formation,<\/li>\n<li>Missions locales,<\/li>\n<li>CAJ, maisons de quartiers, Point d&rsquo;Information Jeunesse&#8230;<\/li>\n<\/ul>\n<p style=\"text-align: center;\"><em>Nous disposons de l&rsquo;agr\u00e9ment \u00c9ducation Nationale.<\/em><\/p>\n<p style=\"text-align: center;\"><em>Pour plus de renseignements sur nos prestations, nos outils d&rsquo;interventions, n&rsquo;h\u00e9sitez pas \u00e0 nous contacter.<\/em><\/p>\n","protected":false},"excerpt":{"rendered":"<p>Le PAEJ c&rsquo;est quoi ? Le Point Accueil \u00c9coute Jeunes et parents est lieu gratuit, anonyme et confidentiel o\u00f9 vous pouvez \u00e9changer avec des professionnels. Pour qui ? Nous accueillons des jeunes de 12 \u00e0 25 ans, des parents et des familles. Pour quoi ? Si vous ressentez un mal-\u00eatre, [&hellip;]<\/p>\n","protected":false},"author":1,"featured_media":564,"parent":0,"menu_order":0,"comment_status":"closed","ping_status":"closed","template":"","meta":{"footnotes":""},"class_list":["post-1079","page","type-page","status-publish","has-post-thumbnail","hentry"],"_links":{"self":[{"href":"https:\/\/le-sagittaire.fr\/site\/wp-json\/wp\/v2\/pages\/1079","targetHints":{"allow":["GET"]}}],"collection":[{"href":"https:\/\/le-sagittaire.fr\/site\/wp-json\/wp\/v2\/pages"}],"about":[{"href":"https:\/\/le-sagittaire.fr\/site\/wp-json\/wp\/v2\/types\/page"}],"author":[{"embeddable":true,"href":"https:\/\/le-sagittaire.fr\/site\/wp-json\/wp\/v2\/users\/1"}],"replies":[{"embeddable":true,"href":"https:\/\/le-sagittaire.fr\/site\/wp-json\/wp\/v2\/comments?post=1079"}],"version-history":[{"count":18,"href":"https:\/\/le-sagittaire.fr\/site\/wp-json\/wp\/v2\/pages\/1079\/revisions"}],"predecessor-version":[{"id":1143,"href":"https:\/\/le-sagittaire.fr\/site\/wp-json\/wp\/v2\/pages\/1079\/revisions\/1143"}],"wp:featuredmedia":[{"embeddable":true,"href":"https:\/\/le-sagittaire.fr\/site\/wp-json\/wp\/v2\/media\/564"}],"wp:attachment":[{"href":"https:\/\/le-sagittaire.fr\/site\/wp-json\/wp\/v2\/media?parent=1079"}],"curies":[{"name":"wp","href":"https:\/\/api.w.org\/{rel}","templated":true}]}}